and 874?
46
What is the highest common divisor of 31775 and 31?
31
Calculate the highest common factor of 21173 and 248.
31
What is the greatest common factor of 4865 and 455?
35
Calculate the greatest common factor of 35547 and 44217.
867
Calculate the greatest common factor of 220 and 6134.
2
Calculate the highest common factor of 50 and 375775.
25
Calculate the highest common divisor of 13 and 177957.
13
What is the greatest common factor of 12150 and 25500?
150
Calculate the greatest common divisor of 4399 and 371.
53
What is the highest common divisor of 10081 and 51?
17
What is the greatest common factor of 6754 and 284282?
614
Calculate the highest common divisor of 858 and 578006.
286
Calculate the greatest common factor of 1088 and 53888.
64
Calculate the greatest common factor of 11099 and 209.
11
Calculate the greatest common factor of 271935 and 90.
45
What is the highest common factor of 21164 and 34892?
572
Calculate the greatest common factor of 162 and 354.
6
Calculate the greatest common factor of 114 and 11442.
6
Calculate the highest common factor of 2248 and 32.
8
What is the greatest common factor of 24034 and 29158?
122
Calculate the highest common factor of 12345365 and 115.
115
Calculate the highest common factor of 83524 and 133.
133
Calculate the highest common factor of 239221 and 339.
113
Calculate the greatest common factor of 23104 and 14912.
64
Calculate the greatest common factor of 989 and 224595.
23
What is the greatest common factor of 33 and 3039?
3
Calculate the highest common divisor of 51 and 2033948.
17
Calculate the highest common factor of 1638 and 15106.
182
Calculate the highest common divisor of 4486233 and 645.
129
What is the highest common divisor of 1792 and 2324?
28
What is the highest common divisor of 16617 and 87?
87
Calculate the highest common divisor of 88 and 682856.
8
What is the greatest common divisor of 6 and 19732?
2
What is the greatest common factor of 36 and 19248?
12
Calculate the greatest common divisor of 875 and 1365.
35
Calculate the highest common divisor of 234 and 33876.
18
What is the highest common factor of 97198 and 184?
46
What is the highest common divisor of 2301 and 1475?
59
Calculate the highest common factor of 1377375 and 60.
15
What is the greatest common divisor of 3890 and 170?
10
What is the greatest common divisor of 183 and 94062?
183
Calculate the highest common divisor of 9 and 585.
9
Calculate the greatest common divisor of 9 and 711.
9
Calculate the highest common factor of 47653 and 1.
1
What is the highest common divisor of 30768 and 6132?
12
What is the highest common divisor of 8410 and 406?
58
Calculate the greatest common factor of 14980 and 101008.
428
Calculate the highest common factor of 140439 and 28223.
169
Calculate the greatest common divisor of 1017 and 1152.
9
What is the greatest common factor of 2836084 and 46?
46
What is the highest common divisor of 17818 and 755?
151
Calculate the greatest common divisor of 951852 and 384.
12
What is the greatest common factor of 13968 and 13776?
48
Calculate the highest common divisor of 795 and 5505.
15
What is the greatest common factor of 252 and 2793105?
63
Calculate the greatest common divisor of 12031 and 1816.
227
Calculate the highest common factor of 1224216 and 6272.
392
Calculate the highest common factor of 531726 and 5614.
802
Calculate the greatest common divisor of 307159 and 409.
409
Calculate the greatest common factor of 22032 and 82416.
816
What is the highest common divisor of 103140 and 5220?
180
What is the greatest common factor of 1721315 and 5?
5
Calculate the highest common divisor of 76830 and 2.
2
What is the highest common divisor of 98 and 109270?
98
Calculate the highest common divisor of 24 and 1125444.
12
What is the greatest common factor of 623741 and 1398?
233
Calculate the greatest common divisor of 11259 and 1529.
139
What is the greatest common factor of 5985 and 11445?
105
Calculate the highest common factor of 420065 and 145.
145
What is the highest common divisor of 14580 and 180090?
270
Calculate the highest common factor of 22926 and 6.
6
What is the greatest common divisor of 2325 and 8100?
75
Calculate the greatest common factor of 1286614 and 1218.
406
What is the highest common factor of 14 and 49?
7
Calculate the highest common divisor of 59623 and 109.
109
Calculate the highest common factor of 275 and 45335.
5
What is the greatest common divisor of 2904 and 2656434?
726
What is the greatest common divisor of 31635 and 6270?
285
Calculate the greatest common divisor of 2112 and 1182336.
192
What is the greatest common factor of 11955 and 465?
15
Calculate the greatest common divisor of 196635 and 45.
15
What is the highest common factor of 288 and 31104?
288
Calculate the highest common factor of 5508 and 163132.
68
Calculate the highest common factor of 98 and 6034.
14
What is the greatest common divisor of 51 and 2057?
17
What is the highest common divisor of 2228173 and 2703?
901
Calculate the greatest common factor of 5 and 30265.
5
Calculate the greatest common divisor of 25 and 532950.
25
Calculate the highest common divisor of 15690 and 50.
10
What is the highest common divisor of 200 and 28780?
20
Calculate the highest common factor of 1261754 and 1352.
338
What is the greatest common factor of 75 and 45525?
75
Calculate the greatest common factor of 62 and 2007622.
62
What is the greatest common factor of 6795 and 75?
15
What is the greatest common divisor of 2574 and 11869?
143
Calculate the highest common factor of 433 and 297904.
433
What is the highest common divisor of 284 and 182470?
142
Calculate the greatest common divisor of 490 and 400.
10
What is the greatest common divisor of 4776694 and 221?
221
Calculate the greatest common divisor of 339012 and 1032.
516
What is the highest common factor of 20 and 50850?
10
Calculate the greatest common divisor of 83113 and 34.
17
Calculate the highest common factor of 183 and 8540.
61
Calculate the greatest common divisor of 425 and 2200.
25
Calculate the greatest common divisor of 40 and 78840.
40
What is the highest common divisor of 110651 and 1?
1
Calculate the greatest common divisor of 9 and 6813.
9
What is the highest common factor of 54031 and 3805?
761
Calculate the greatest common divisor of 8538 and 18.
6
Calculate the greatest common divisor of 315284 and 1192.
596
Calculate the highest common factor of 1611 and 11403.
9
Calculate the greatest common factor of 475980 and 180.
60
Calculate the highest common factor of 15 and 255700.
5
Calculate the highest common divisor of 459183 and 3228.
807
What is the greatest common factor of 809608 and 136?
136
Calculate the highest common divisor of 116498 and 62.
62
What is the greatest common divisor of 158 and 108151?
79
What is the highest common factor of 5882 and 221?
17
Calculate the greatest common divisor of 70364 and 1708.
28
Calculate the greatest common divisor of 2324 and 3.
1
Calculate the greatest common divisor of 1308 and 156.
12
Calculate the highest common factor of 6998 and 128.
2
Calculate the highest common factor of 365 and 584000.
365
What is the highest common factor of 62826 and 11037?
849
What is the highest common divisor of 82654 and 858?
286
Calculate the greatest common divisor of 63 and 2601.
9
Calculate the highest common factor of 101766 and 6.
6
What is the greatest common factor of 245394 and 54?
18
What is the greatest common factor of 4965 and 25995?
15
What is the greatest common factor of 56650 and 30?
10
What is the highest common divisor of 44 and 23784?
4
What is the highest common divisor of 96 and 43104?
96
Calculate the greatest common divisor of 1160536 and 104.
104
What is the highest common factor of 2057 and 22389?
17
What is the highest common divisor of 2720 and 72320?
160
Calculate the greatest common factor of 181436 and 201.
67
What is the highest common factor of 50 and 4?
2
Calculate the highest common factor of 3088 and 9457.
193
What is the greatest common factor of 713 and 148373?
23
Calculate the greatest common factor of 100 and 125.
25
What is the highest common divisor of 23035 and 3655?
85
Calculate the greatest common divisor of 1 and 4877.
1
Calculate the highest com